digit of d?
7
Let k be (-6)/9 - 1308/9. Let f = 83 + k. What is the tens digit of f/(-12)*(6 + -2)?
2
Let j = 22 + -17. Suppose -3*u + 4 = -j*u. What is the units digit of 10 + u + 4 + -6?
6
Let l be 16*-10 + 4/(-2) + 5. Let b = l + 229. What is the tens digit of b?
7
Suppose 3*v = 5*n + 2640, -2*v + n = -v - 880. What is the tens digit of v?
8
Let s(j) = j**3 - 13*j**2 + 9*j - 5. Let r be s(12). Let d = 156 + r. What is the tens digit of d?
1
Let v(y) = -y**3 + 5*y**2 - 3. Let l be 1/3 - 33/(-9). What is the units digit of v(l)?
3
Let g = 113 + -113. Suppose 5 = -5*h + 15, -b - 3*h + 96 = g. What is the tens digit of b?
9
Let k(f) be the first derivative of -f**4/4 - 3*f**3 - f**2 + 2*f + 6. Let g be k(-9). What is the units digit of (-4 - g/(-8))*-34?
1
Let p(k) = 58*k**2 + 4*k + 1. What is the tens digit of p(5)?
7
Let d = 1431 - -208. What is the units digit of d?
9
Let x(m) = m**2 - 3*m + 4. Let h be x(3). Suppose 5*b = h*b + 78. What is the units digit of b?
8
Suppose 1027 = 3*d - 5*a, -11*a + 648 = 2*d - 7*a. What is the units digit of d?
4
Let s be -16*2*(5 + (-36)/8). What is the units digit of s/12*135/(-10)?
8
Suppose 41*p - 35589 - 10536 = 0. What is the hundreds digit of p?
1
Let x(b) = -2*b**2 - 11*b - 4. Let j be x(-5). Let i(d) = -d - 1. Let t be i(j). What is the units digit of ((-21)/t)/((-1)/(-2))?
1
Suppose 0 = -2*f - 211 - 117. Let o = -60 - f. What is the tens digit of o?
0
Suppose 0 = 5*g - 0*g - 0*g. What is the hundreds digit of (-1650)/(-6) - 1 - g?
2
Let l(t) = 186*t**2 - 5*t - 6. What is the hundreds digit of l(2)?
7
Let r = 116 + -330. Let t = r + 354. Suppose -f = 3*f - t. What is the units digit of f?
5
Let d(b) = -11*b - 31. Let l be d(-7). Suppose g - 42 = l. What is the units digit of g?
8
Suppose -5*h = -n - 13, 5*n - 3 = 3*h - 2. Suppose -v - h*v + 80 = 0. Let m = 28 - v. What is the units digit of m?
8
Suppose 0*n + 4*n - 3624 = 0. Let u = n + -361. What is the units digit of 2/(-8) - u/(-20)?
7
Let b be ((-22)/6 - 2)*3. Let w = 55 + b. What is the tens digit of w?
3
Let h be (-15)/(-2)*238/85. Let w = h + 17. What is the units digit of w?
8
Suppose 4*y - 4*j + 16 = 0, -2*j + 20 = y + 3*j. Suppose -c + 3*r - 13 = -0*r, -5*c - 5*r + 35 = y. Let d(g) = g**2 + 2*g - 6. What is the units digit of d(c)?
2
Let k be (-3297)/(-49) - ((-16)/(-7) - 2). Suppose -3*o - z + k = -o, 3*z - 21 = -o. What is the tens digit of o?
3
Let z(n) = 449*n + 117. What is the hundreds digit of z(7)?
2
Suppose -13 = -3*z + 2. Suppose 2*q = 5*a + 28, 0 = -q - q - z*a - 12. Suppose 0 = -q*w - r + 88, r + 0*r = 5*w - 101. What is the units digit of w?
1
Let f(x) = -x**3 - 4*x**2 + 4*x - 1. Let q be f(-5). Suppose 0 = 4*v - n + 42 - 422, -q*v + 4*n = -392. Let h = v - 66. What is the units digit of h?
8
Let z be ((-756)/24)/((-2)/(6 + -2)). Let i = z + -9. What is the units digit of i?
4
Let t = -2 + 2. Suppose t = 2*w + f + 17, 3 = 2*w + 3*f + 10. What is the units digit of 4/(w/(-5) + -2)?
0
Let g(o) = 168*o - 5. What is the units digit of g(3)?
9
Let n = 1828 + -285. What is the tens digit of n?
4
Let r be 12 - (0 - 6/2). Suppose 4*x - 20 = -4*p + x, -4*x - r = -3*p. Suppose 55 = 4*u + 5*l - 57, -p*u = -3*l - 177. What is the tens digit of u?
3
Let y be (-486)/(-8) + 2*1/8. Suppose -125 = -5*m + 4*z, z - 60 = -4*m + y. What is the units digit of m?
9
Suppose 0 = 2*v - 3*p + 147, -4*v - 5*p = -v + 211. What is the hundreds digit of 4/(-6)*34884/v?
3
Suppose -37 - 71 = -4*f. Suppose 0*z + f = 3*z. What is the units digit of z/6*(0 + 12)?
8
Let a(o) = 58*o + 13. What is the units digit of a(2)?
9
Let r = 1 + 5. Suppose -r = -5*u + 4*u. Let p = u - -15. What is the tens digit of p?
2
Let x(a) = 36*a - 5*a**2 + 21 + 7*a**2 + 0*a. What is the hundreds digit of x(-21)?
1
Let y(x) = 45*x**2 - 3*x - 3. Let m be (-18)/(-63) - 32/14. Let f be y(m). Suppose 3*p + 0*p = f. What is the tens digit of p?
6
Suppose l - 4 = -21. Let a = 5 - l. What is the units digit of a?
2
Let s(c) = 33*c**2 + 3*c - 65. What is the units digit of s(7)?
3
Let u = 5 + -2. Suppose -u = -5*m + 2, 5*m = -c + 12. Let l(d) = 5*d - 5. What is the tens digit of l(c)?
3
Let v be -3 + (-12 - -2)/(-2). Let k be (-3 + v)/((-2)/82). Let m = -6 + k. What is the tens digit of m?
3
Let g be 1/((-4)/276*-1). Suppose -4*y = 3*c - 271 + g, 3*y - 141 = 3*c. What is the units digit of y?
9
Let i be (3 + -2)/((-10)/(-20)). What is the hundreds digit of (-408)/i*6/(-4)?
3
Let v(x) = -3*x**2 - 3*x + 7. Let i(u) = 7*u**2 + 7*u - 14. Let h(w) = -2*i(w) - 5*v(w). Let j be (-2)/(-6) + (-16)/(-6). What is the units digit of h(j)?
5
Let b(t) be the first derivative of 3*t**4/4 + 5*t**3/3 - t**2 + t - 14. What is the units digit of b(2)?
1
Let c = 88 - 52. Let s = c - -71. What is the tens digit of s?
0
Let m = 84 - 60. What is the units digit of (3/(-2))/((-4)/m)?
9
Suppose 3*a = 896 - 89. What is the units digit of a?
9
Let z = -338 + 665. What is the tens digit of z?
2
Let k = 12132 - 6694. What is the hundreds digit of k?
4
Let x(o) = -o**2 - 6*o - 3. Let z be x(-4). Suppose f + 3*c = -4*f + 225, 0 = 5*f + z*c - 215. What is the tens digit of f?
4
Let t(f) = 7*f + 21. Let s be t(-3). Suppose s = 10*k - 15*k + 70. What is the units digit of k?
4
Let x(n) = 19*n - 15. Suppose 4*w - 36 = -0*w. Let k be x(w). Let b = -90 + k. What is the units digit of b?
6
Let w(u) = -4*u**2 + 6*u**3 + 5*u + 9*u**2 - 8*u**3 - 13. What is the units digit of w(-4)?
5
Suppose -8*r = -6*r. Let j be (4/(-10))/(4/(-40)). Suppose 0*n = j*x + 4*n - 120, -2*n + 10 = r. What is the tens digit of x?
2
Let i be 11/4 - (-2)/8. Let v(m) = -14*m + 120. Let o be v(4). Suppose 2*b - o = -2*j, -5*b + i*j + 20 + 140 = 0. What is the units digit of b?
2
Let a(u) = 2*u - 4. Let c be a(6). Suppose -5*y + y + c = 0. Let s = -1 + y. What is the units digit of s?
1
Let f(b) = -4*b**2 + 0*b**3 - 3 + 2*b - b**3 + 5*b**3. What is the tens digit of f(3)?
7
Let q(g) = 3*g**2 - 2*g - 1. Let w be q(7). Let p = w - -38. What is the tens digit of p?
7
Suppose 1834*y + 1784 = 1836*y. What is the hundreds digit of y?
8
Let f(k) = 5*k**2 - 10*k - 15. What is the tens digit of f(4)?
2
Suppose 2*p - 6*p = 0. Suppose -d + 94 = 4*f + d, -5*d + 5 = p. What is the units digit of f?
3
What is the units digit of 1*((-6066)/(-8) - 2/8)?
8
Let o(x) = 52*x**2 - x + 1. Let z be o(1). Let r = 113 - z. What is the tens digit of r?
6
Let w be 11/22 + (-15)/(-6). Suppose w*t - 7*t + 296 = 0. What is the tens digit of t?
7
What is the tens digit of ((-84096)/45)/16*5/(-2)?
9
Let g(z) = -z**2 + 3*z + 2. Let y be g(3). Suppose -4*p + 30 = -s, y*s - 5*p = -3*p - 54. What is the tens digit of (-3)/(-1 - s/29)?
2
What is the tens digit of (4*(-72)/(-30))/(2/10)?
4
Let m be 3/4 - (-816)/(-64). Let w = m - -136. What is the hundreds digit of w?
1
Suppose 6*j + 60 = 3*j. What is the units digit of -23 - j - ((-324)/2 - -1)?
8
Let a = -12 - -18. Let g be (-1)/((-3)/a) - 7. Let r = g + 8. What is the units digit of r?
3
Let o(h) = -h**2 + 32*h + 157. What is the tens digit of o(35)?
5
Let c be 2/10 - (-169)/5. Suppose 0 = w - 0 - 3. Suppose -c = -w*a + a. What is the tens digit of a?
1
Suppose -36*h + 14*h + 5720 = 0. What is the hundreds digit of h?
2
Suppose -5*v = 3*y - 5*y - 2537, 3*v = 4*y + 1525. What is the hundreds digit of v?
5
Suppose 0 = 3*b + 2*b - 3*b. Suppose 2*q = 3*q - 3*i - 121, b = i. What is the hundreds digit of q?
1
Suppose 15027 - 4507 = 8*k. What is the tens digit of k?
1
Suppose 5*r - 3*r - 80 = 0. What is the tens digit of 30/r + 105/4?
2
Suppose 4*t + 16 = 0, -25 = 4*z + 3*t - 5. What is the units digit of (-15)/45 - ((-232)/3 + z)?
9
Suppose 0 = -4*t + 2077 + 571. What is the tens digit of t?
6
Suppose x = -2*x. Suppose 2*h + 80 = p, x = -2*h - 5*p - 85 + 17. Let m = -17 - h. What is the tens digit of m?
2
Let l be 116/(-8) + 6/(-4). Let c = 20 + l. What is the units digit of 6456/180 + c/30?
6
Suppose 5*p + f + 46 = 0, 8*f = -3*p + 13*f - 50. What is the hundreds digit of -4 + ((-4)/p - 10656/(-60))?
1
Let o = -41 + 47. Suppose -c = o - 7. What is the units digit of c?
1
Let m(o) = 2*o**3 - 9*o**2 + 6*o - 5. Let r be m(4). Let z(u) = 6*u**2 - u + 1. Let q be z(r). Let f = 90 - q. What is the units digit of f?
8
Suppose 0*k - 2*g + 679 = 3*k, -2*